{"id":1813,"date":"2018-06-20T13:45:03","date_gmt":"2018-06-20T13:45:03","guid":{"rendered":"http:\/\/www.wiesbadener-kreis.de\/?page_id=1813"},"modified":"2019-02-08T12:13:19","modified_gmt":"2019-02-08T12:13:19","slug":"datenschutzerklaerung","status":"publish","type":"page","link":"http:\/\/www.wiesbadener-kreis.de\/?page_id=1813","title":{"rendered":"Datenschutzerkl\u00e4rung"},"content":{"rendered":"<p>Der Schutz Ihrer personenbezogenen Daten bei der Erhebung, Verarbeitung und Nutzung von personenbezogenen Daten anl\u00e4sslich Ihres Besuchs auf unserer Homepage ist uns ein wichtiges Anliegen. Ihre Daten werden im Rahmen der gesetzlichen Vorschriften gesch\u00fctzt. Wir m\u00f6chten Sie nachfolgend \u00fcber Art und den Umfang der Verarbeitung von personenbezogenen Daten \u00fcber diese Website entsprechend Artikel 13 der Datenschutzgrundverordnung (DSGVO) unterrichten.<\/p>\n<h2>I. Angaben zur Verantwortlichen Stelle<\/h2>\n<p>GINDAT GmbH<br \/>\nWetterauer Stra\u00dfe 6<br \/>\nD &#8211; 42897 Remscheid<\/p>\n<h2>II. Angaben zum Datenschutzbeauftragten<\/h2>\n<p>F\u00fcr Fragen zum Datenschutz steht Ihnen unser<br \/>\nBeauftragter f\u00fcr den betrieblichen Datenschutz gerne zur Verf\u00fcgung:<\/p>\n<p>Herr J\u00f6rg Conrad von der GINDAT GmbH<br \/>\nWetterauer Str. 6, 42897 Remscheid<br \/>\nMail:\u00a0<a>datenschutz@gindat.de<\/a><br \/>\nTel. 02191 \/ 909 430<\/p>\n<h2>III. Datenverarbeitung \u00fcber die Website<\/h2>\n<p>Ihr Besuch unserer Webseiten wird protokolliert. Erfasst werden zun\u00e4chst im Wesentlichen folgende Daten, die Ihr Browser an uns \u00fcbermittelt:<\/p>\n<ul>\n<li>die aktuell von Ihrem PC oder Ihrem Router verwendete IP-Adresse<\/li>\n<li>Datum und Uhrzeit<\/li>\n<li>Browsertyp und -Version<\/li>\n<li>das Betriebssystem Ihres PC<\/li>\n<li>die von Ihnen betrachteten Seiten<\/li>\n<li>Name und Gr\u00f6\u00dfe der angefragten Datei(en)<\/li>\n<li>sowie ggf. die URL der verweisenden Webseite.<\/li>\n<\/ul>\n<p>Diese Daten werden lediglich f\u00fcr Zwecke der Datensicherheit, zur Verbesserung unseres Webangebots sowie zur Fehleranalyse auf Grundlage des Art 6 Abs.1 f DSGVO erhoben. Die IP-Adresse Ihres Rechners wird lediglich anonymisiert (verk\u00fcrzt um die letzten 3 Ziffern) ausgewertet.<\/p>\n<p>Im \u00dcbrigen k\u00f6nnen Sie unserer Website besuchen ohne Angaben zu Ihrer Person zu machen. Wir weisen darauf hin, dass die Daten\u00fcbertragung im Internet (z.B. bei der Kommunikation per E-Mail) Sicherheitsl\u00fccken aufweisen kann. Ein l\u00fcckenloser Schutz der Daten vor dem Zugriff durch Dritte ist nicht m\u00f6glich. Vertrauliche Daten sollten Sie uns daher auf einen anderen Weg, z.B. per Post zukommen lassen.<\/p>\n<h3>Kontaktformular<\/h3>\n<p>Personenbezogene Daten (z. B. Ihr Name, Adressdaten oder Kontaktdaten), die Sie uns von sich aus, z.B. im Rahmen einer Anfrage oder in sonstiger Weise mitteilen, werden bei uns gespeichert und nur zur Korrespondenz mit Ihnen und nur zu dem Zweck verarbeitet, zu dem Sie uns diese Daten zur Verf\u00fcgung gestellt haben. Die Verarbeitung dieser Daten erfolgt auf Grundlage der Art 6 Abs.1 a; 6 Abs. 1 f. DSGVO.<\/p>\n<h3>Registrierung<\/h3>\n<p>Sie k\u00f6nnen sich auf unserer Website registrieren, um zus\u00e4tzliche Funktionen auf der Seite zu nutzen. Die dazu eingegebenen Daten verwenden wir nur zum Zwecke der Nutzung des jeweiligen Angebotes oder Dienstes, f\u00fcr den Sie sich registriert haben. Die bei der Registrierung abgefragten Pflichtangaben m\u00fcssen vollst\u00e4ndig angegeben werden. Anderenfalls werden wir die Registrierung ablehnen. F\u00fcr wichtige \u00c4nderungen etwa beim Angebotsumfang oder bei technisch notwendigen \u00c4nderungen nutzen wir die bei der Registrierung angegebene E-Mail-Adresse, um Sie auf diesem Wege zu informieren. Die Verarbeitung der bei der Registrierung eingegebenen Daten erfolgt auf Grundlage Ihrer Einwilligung (Art. 6 Abs. 1 lit. a DSGVO). Sie k\u00f6nnen eine von Ihnen erteilte Einwilligung jederzeit widerrufen. Dazu reicht eine formlose Mitteilung per E-Mail an uns. Die Rechtm\u00e4\u00dfigkeit der bereits erfolgten Datenverarbeitung bleibt vom Widerruf unber\u00fchrt. Die bei der Registrierung erfassten Daten werden von uns gespeichert, solange Sie auf unserer Website registriert sind und werden anschlie\u00dfend gel\u00f6scht. Gesetzliche Aufbewahrungsfristen bleiben unber\u00fchrt.<\/p>\n<h3>Sichere Daten\u00fcbertragung<\/h3>\n<p>Um die Sicherheit Ihrer Daten bei der \u00dcbertragung zu sch\u00fctzen, verwenden wir ein dem aktuellen Stand der Technik entsprechendes Verschl\u00fcsselungsverfahren (SSL) \u00fcber HTTPS.<\/p>\n<h3>Verarbeiten von Daten (Kunden- und Vertragsdaten)<\/h3>\n<p>Wir erheben, verarbeiten und nutzen personenbezogene Daten nur, soweit sie f\u00fcr die Begr\u00fcndung, inhaltliche Ausgestaltung oder \u00c4nderung des Rechtsverh\u00e4ltnisses erforderlich sind (Bestandsdaten). Dies erfolgt auf Grundlage von Art. 6 Abs. 1 lit. b DSGVO, der die Verarbeitung von Daten zur Erf\u00fcllung eines Vertrags oder vorvertraglicher Ma\u00dfnahmen gestattet. Personenbezogene Daten \u00fcber die Inanspruchnahme unserer Internetseiten (Nutzungsdaten) erheben, verarbeiten und nutzen wir nur, soweit dies erforderlich ist, um dem Nutzer die Inanspruchnahme des Dienstes zu erm\u00f6glichen oder abzurechnen. Die erhobenen Kundendaten werden nach Abschluss des Auftrags oder Beendigung der Gesch\u00e4ftsbeziehung gel\u00f6scht. Gesetzliche Aufbewahrungsfristen bleiben unber\u00fchrt.<\/p>\n<h2>IV. Empf\u00e4nger von personenbezogenen Daten<\/h2>\n<p>Zur Durchf\u00fchrung und Abwicklung von Verarbeitungsprozessen k\u00f6nnen wir Dienstleister im Wege der Auftragsdatenverarbeitung in Anspruch nehmen.<\/p>\n<h2>V. Verwendung von Cookies<\/h2>\n<p>In unserem Internetangebot werden sog. Cookies eingesetzt. Cookies sind kleine Textdateien, die von Ihrem Browser gespeichert und auf Ihrem Rechner abgelegt werden. Der Einsatz von Cookies dient dazu, das Internetangebot nutzerfreundlicher zu gestalten. So ist es z.B. m\u00f6glich den Nutzer f\u00fcr die Dauer der Sitzung wiederzuerkennen, ohne das st\u00e4ndig Nutzername und Kennwort neu eingegeben werden m\u00fcssen. Die Cookies richten auf Ihrem Rechner keinen Schaden an und werden nach Beendigung Ihrer Sitzung gel\u00f6scht. Grundlage f\u00fcr die Datenverarbeitung ist Art 6 Abs.1 f DSGVO.<\/p>\n<p>Einige der von uns verwendeten Cookies werden nach dem Schlie\u00dfen Ihres Browsers unmittelbar gel\u00f6scht (sog. Sitzungs-Cookies).<\/p>\n<p>Andere Cookies verbleiben auf Ihrem Endger\u00e4t und erm\u00f6glichen es, Ihren Browser beim n\u00e4chsten Besuch wiederzuerkennen (persistente Cookies).<\/p>\n<p>Die Datenverarbeitung im Zusammenhang mit Cookies, die alleine zur Herstellung der Funktionalit\u00e4t unseres Onlineangebots dienen, erfolgt auf der Grundlage unseres berechtigten Interesses gem\u00e4\u00df Art 6 I f) DSGVO.<\/p>\n<p>Wenn Sie die Verwendung von Cookies nicht w\u00fcnschen, k\u00f6nnen Sie Ihren Browser so einstellen, dass eine Speicherung von Cookies nicht akzeptiert wird. Bitte beachten Sie dabei aber, dass Sie in diesem Fall gegebenenfalls nicht s\u00e4mtliche Funktionen unserer Webseiten nutzen k\u00f6nnen.<\/p>\n<h2>VI. Ihre Rechte<\/h2>\n<p>Nach den \u00a7\u00a7 15-21 DSGVO k\u00f6nnen Sie bei Vorliegen der dort beschriebenen Voraussetzungen die nachfolgenden Rechte in Bezug auf die bei uns verarbeiteten personenbezogenen Daten geltend machen.<\/p>\n<h3>Recht auf Auskunft<\/h3>\n<p>Sie haben einen Anspruch auf Auskunft \u00fcber die Sie betreffenden personenbezogenen Daten, die bei uns verarbeitet werden.<\/p>\n<h3>Recht auf Berichtigung<\/h3>\n<p>Sie k\u00f6nnen die Berichtigung unvollst\u00e4ndiger oder unrichtig verarbeiteter personenbezogener Daten verlangen.<\/p>\n<h3>Recht auf L\u00f6schung<\/h3>\n<p>Sie haben einen Anspruch auf L\u00f6schung sie betreffender personenbezogener Daten, insbesondere dann, wenn einer der folgenden Gr\u00fcnde vorliegt<\/p>\n<ul>\n<li>Ihre personenbezogenen Daten sind f\u00fcr die Zwecke, f\u00fcr die sie erhoben oder auf sonstige Weise verarbeitet wurden, nicht mehr notwendig.<\/li>\n<li>Sie widerrufen ihre Einwilligung, auf die sich die Verarbeitung Ihrer Daten st\u00fctzte.<\/li>\n<li>Sie haben ein Widerspruchsrecht gegen die Verarbeitung geltend gemacht<\/li>\n<li>Ihre Daten wurden unrechtm\u00e4\u00dfig verarbeitet.<\/li>\n<\/ul>\n<p>Das Recht auf L\u00f6schung besteht jedoch dann nicht, soweit dem berechtigte Interessen des verantwortlichen entgegen stehen. Das k\u00f6nnen z.B. sein<\/p>\n<ul>\n<li>personenbezogenen Daten zur Geltendmachung, Aus\u00fcbung oder Verteidigung von Rechtsanspr\u00fcchen erforderlich sind.<\/li>\n<li>eine L\u00f6schung aufgrund von Aufbewahrungspflichten nicht m\u00f6glich ist<\/li>\n<\/ul>\n<p>Sofern Daten nicht gel\u00f6scht werden k\u00f6nnen, kann aber ein Recht auf Einschr\u00e4nkung der Verarbeitung (nachfolgend) gegeben sein.<\/p>\n<h3>Recht auf Einschr\u00e4nkung der Verarbeitung<\/h3>\n<p>Sie haben das Recht von uns die Einschr\u00e4nkung der Verarbeitung Ihrer personenbezogenen Daten zu verlangen, wenn<\/p>\n<ul>\n<li>Sie die Richtigkeit der Daten bestreiten und wir daher die Richtigkeit \u00fcberpr\u00fcfen,<\/li>\n<li>die Verarbeitung unrechtm\u00e4\u00dfig ist und Sie die L\u00f6schung ablehnen und stattdessen die Einschr\u00e4nkung der Nutzung verlangen<\/li>\n<li>Wir die Daten nicht l\u00e4nger ben\u00f6tigen, Sie diese jedoch zur Geltendmachung, Aus\u00fcbung oder Verteidigung von Rechtsanspr\u00fcchen ben\u00f6tigen,<\/li>\n<li>Sie Widerspruch gegen die Verarbeitung Ihrer Daten eingelegt haben, und noch nicht feststeht, ob unsere berechtigten Gr\u00fcnde gegen\u00fcber Ihren Gr\u00fcnden \u00fcberwiegen.<\/li>\n<\/ul>\n<h3>Recht auf Daten\u00fcbertragbarkeit<\/h3>\n<p>Sie haben das Recht die Sie betreffenden personenbezogenen Daten, die Sie uns bereitgestellt haben, in einem strukturierten, g\u00e4ngigen und maschinenlesbaren Format zu erhalten und Sie haben das Recht, diese Daten einem anderen Verantwortlichen ohne Behinderung durch uns zu \u00fcbermitteln, sofern die Verarbeitung auf einer Einwilligung oder einem Vertrag beruht und die Verarbeitung bei uns mit Hilfe automatisierter Verfahren erfolgt.<\/p>\n<h3>Widerrufsrecht<\/h3>\n<p>Die betroffene Person hat das Recht, aus Gr\u00fcnden, die sich aus ihrer besonderen Situation ergeben, jederzeit gegen die Verarbeitung sie betreffender personenbezogener Daten, die aufgrund von Artikel 6 Absatz 1 Buchstaben e oder f erfolgt, Widerspruch einzulegen; dies gilt auch f\u00fcr ein auf diese Bestimmungen gest\u00fctztes Profiling Soweit die Verarbeitung Ihrer personenbezogenen Daten auf einer Einwilligung beruht, haben Sie das Recht diese Einwilligung jederzeit zu widerrufen.<\/p>\n<h2>VII. Regelfristen f\u00fcr die L\u00f6schung der Daten<\/h2>\n<p>Soweit eine gesetzliche Aufbewahrungsvorschrift nicht besteht, werden die Daten gel\u00f6scht bzw. vernichtet, wenn sie f\u00fcr die Erreichung des Zwecks der Datenverarbeitung nicht mehr erforderlich sind. F\u00fcr die Aufbewahrung von personenbezogenen Daten gelten unterschiedliche Fristen, so werden Daten mit steuerrechtlicher Relevanz i.d.R. 10 Jahre, andere Daten nach handelsrechtlichen Vorschriften i.d.R. 6 Jahre aufbewahrt. Schlie\u00dflich kann sich die Speicherdauer auch nach den gesetzlichen Verj\u00e4hrungsfristen richten, die zum Beispiel nach den \u00a7\u00a7 195 ff. des B\u00fcrgerlichen Gesetzbuches (BGB) in der Regel drei Jahre, in gewissen F\u00e4llen aber auch bis zu drei\u00dfig Jahre betragen k\u00f6nnen.<\/p>\n<h2>VIII. Beschwerderecht bei einer Aufsichtsbeh\u00f6rde<\/h2>\n<p>Jede betroffene Person hat nach Art 77 DSGVO ein Beschwerderecht bei einer Aufsichtsbeh\u00f6rde, wenn sie der Ansicht ist, dass die Verarbeitung sie betreffender personenbezogener Daten gegen die DSGVO verst\u00f6\u00dft. Zust\u00e4ndige Aufsichtsbeh\u00f6rde in datenschutzrechtlichen Fragen ist der Landesdatenschutzbeauftragte des Bundeslandes, in dem unser Unternehmen seinen Sitz hat, in unserem Fall also der Landesbeauftragte f\u00fcr Datenschutz und Informationsfreiheit Nordrhein-Westfalen.<\/p>\n","protected":false},"excerpt":{"rendered":"<p>Der Schutz Ihrer personenbezogenen Daten bei der Erhebung, Verarbeitung und Nutzung von personenbezogenen Daten anl\u00e4sslich Ihres Besuchs auf unserer Homepage ist uns ein wichtiges Anliegen. Ihre Daten werden im Rahmen der gesetzlichen Vorschriften gesch\u00fctzt. Wir m\u00f6chten Sie nachfolgend \u00fcber Art und den Umfang der Verarbeitung von personenbezogenen Daten \u00fcber diese Website entsprechend Artikel 13 der &hellip; <\/p>\n<p class=\"link-more\"><a href=\"http:\/\/www.wiesbadener-kreis.de\/?page_id=1813\" class=\"more-link\"><span class=\"screen-reader-text\">\u201eDatenschutzerkl\u00e4rung\u201c <\/span>weiterlesen<\/a><\/p>\n","protected":false},"author":1,"featured_media":0,"parent":0,"menu_order":0,"comment_status":"closed","ping_status":"closed","template":"","meta":[],"_links":{"self":[{"href":"http:\/\/www.wiesbadener-kreis.de\/index.php?rest_route=\/wp\/v2\/pages\/1813"}],"collection":[{"href":"http:\/\/www.wiesbadener-kreis.de\/index.php?rest_route=\/wp\/v2\/pages"}],"about":[{"href":"http:\/\/www.wiesbadener-kreis.de\/index.php?rest_route=\/wp\/v2\/types\/page"}],"author":[{"embeddable":true,"href":"http:\/\/www.wiesbadener-kreis.de\/index.php?rest_route=\/wp\/v2\/users\/1"}],"replies":[{"embeddable":true,"href":"http:\/\/www.wiesbadener-kreis.de\/index.php?rest_route=%2Fwp%2Fv2%2Fcomments&post=1813"}],"version-history":[{"count":7,"href":"http:\/\/www.wiesbadener-kreis.de\/index.php?rest_route=\/wp\/v2\/pages\/1813\/revisions"}],"predecessor-version":[{"id":2008,"href":"http:\/\/www.wiesbadener-kreis.de\/index.php?rest_route=\/wp\/v2\/pages\/1813\/revisions\/2008"}],"wp:attachment":[{"href":"http:\/\/www.wiesbadener-kreis.de\/index.php?rest_route=%2Fwp%2Fv2%2Fmedia&parent=1813"}],"curies":[{"name":"wp","href":"https:\/\/api.w.org\/{rel}","templated":true}]}}